{"id":10880,"date":"2021-02-24T17:03:49","date_gmt":"2021-02-24T17:03:49","guid":{"rendered":"https:\/\/www.spbezmiechowa.pl\/?page_id=10880"},"modified":"2021-02-24T17:12:57","modified_gmt":"2021-02-24T17:12:57","slug":"wspolpraca-z-centrum-nauczania-domowego","status":"publish","type":"page","link":"https:\/\/www.spbezmiechowa.pl\/?page_id=10880","title":{"rendered":"Wsp\u00f3\u0142praca z Centrum Nauczania Domowego"},"content":{"rendered":"\n<p>Szko\u0142a Podstawowa Fundacji &#8222;Elementarz&#8221; im. Szybownik\u00f3w Polskich w Bezmiechowej Dolnej wsp\u00f3\u0142pracuje \u015bci\u015ble z <a href=\"https:\/\/domowi.edu.pl\/\">Centrum Nauczania Domowego<\/a>, kt\u00f3re oferuje opiek\u0119 merytoryczn\u0105 i dydaktyczn\u0105, aby nauczanie w domu by\u0142o jak najbardziej efektywne<br>i dopasowane do potrzeb ka\u017cdego dziecka. Dzi\u0119ki tej wsp\u00f3\u0142pracy nasi uczniowie i ich rodzice mog\u0105 bezp\u0142atnie korzysta\u0107 z:<\/p>\n\n\n\n<ul class=\"wp-block-list\"><li>dost\u0119pu do platformy edukacyjnej, scenariuszy zaj\u0119\u0107 lekcyjnych i repetytori\u00f3w zgodnych z obowi\u0105zuj\u0105c\u0105 podstaw\u0105 programow\u0105,<\/li><li>test\u00f3w sprawdzaj\u0105cych wiedz\u0119 i pomagaj\u0105cych w przygotowaniu do egzamin\u00f3w,<\/li><li>udzia\u0142u w zaj\u0119ciach on-line z nauczycielami (wyk\u0142ady i zaj\u0119cia grupowe),<\/li><li>zaj\u0119\u0107 rozwijaj\u0105cych pasje i zainteresowania uczni\u00f3w,<\/li><li>telefonicznego wsparcia dydaktycznego,<\/li><li>udzia\u0142u w konkursach i programach motywacyjnych,<\/li><li>mo\u017cliwo\u015bci kontaktu z r\u00f3wie\u015bnikami z ca\u0142ej Polski,<\/li><li>szkole\u0144, informator\u00f3w i poradnik\u00f3w dla rodzic\u00f3w &#8211; nauczycieli swoich dzieci.<\/li><\/ul>\n","protected":false},"excerpt":{"rendered":"<p>Szko\u0142a Podstawowa Fundacji &#8222;Elementarz&#8221; im. Szybownik\u00f3w Polskich w Bezmiechowej Dolnej wsp\u00f3\u0142pracuje \u015bci\u015ble z Centrum Nauczania Domowego, kt\u00f3re oferuje opiek\u0119 merytoryczn\u0105 i dydaktyczn\u0105, aby nauczanie w domu by\u0142o jak najbardziej efektywnei dopasowane do potrzeb ka\u017cdego dziecka. Dzi\u0119ki tej wsp\u00f3\u0142pracy nasi uczniowie i ich rodzice mog\u0105 bezp\u0142atnie korzysta\u0107 z: dost\u0119pu do platformy edukacyjnej, scenariuszy zaj\u0119\u0107 lekcyjnych i [&hellip;]<\/p>\n","protected":false},"author":2,"featured_media":0,"parent":3153,"menu_order":3,"comment_status":"closed","ping_status":"closed","template":"","meta":{"ngg_post_thumbnail":0,"footnotes":""},"class_list":["post-10880","page","type-page","status-publish","hentry"],"_links":{"self":[{"href":"https:\/\/www.spbezmiechowa.pl\/index.php?rest_route=\/wp\/v2\/pages\/10880","targetHints":{"allow":["GET"]}}],"collection":[{"href":"https:\/\/www.spbezmiechowa.pl\/index.php?rest_route=\/wp\/v2\/pages"}],"about":[{"href":"https:\/\/www.spbezmiechowa.pl\/index.php?rest_route=\/wp\/v2\/types\/page"}],"author":[{"embeddable":true,"href":"https:\/\/www.spbezmiechowa.pl\/index.php?rest_route=\/wp\/v2\/users\/2"}],"replies":[{"embeddable":true,"href":"https:\/\/www.spbezmiechowa.pl\/index.php?rest_route=%2Fwp%2Fv2%2Fcomments&post=10880"}],"version-history":[{"count":1,"href":"https:\/\/www.spbezmiechowa.pl\/index.php?rest_route=\/wp\/v2\/pages\/10880\/revisions"}],"predecessor-version":[{"id":10881,"href":"https:\/\/www.spbezmiechowa.pl\/index.php?rest_route=\/wp\/v2\/pages\/10880\/revisions\/10881"}],"up":[{"embeddable":true,"href":"https:\/\/www.spbezmiechowa.pl\/index.php?rest_route=\/wp\/v2\/pages\/3153"}],"wp:attachment":[{"href":"https:\/\/www.spbezmiechowa.pl\/index.php?rest_route=%2Fwp%2Fv2%2Fmedia&parent=10880"}],"curies":[{"name":"wp","href":"https:\/\/api.w.org\/{rel}","templated":true}]}}