{"id":16755,"date":"2024-05-11T18:29:43","date_gmt":"2024-05-11T18:29:43","guid":{"rendered":"https:\/\/www.spbezmiechowa.pl\/?page_id=16755"},"modified":"2025-10-01T17:46:12","modified_gmt":"2025-10-01T17:46:12","slug":"zajecia-dodatkowe-godziny-konsultacji","status":"publish","type":"page","link":"https:\/\/www.spbezmiechowa.pl\/?page_id=16755","title":{"rendered":"Zaj\u0119cia dodatkowe, dy\u017cury specjalist\u00f3w"},"content":{"rendered":"<p>&nbsp;<\/p>\n<p><a href=\"https:\/\/www.spbezmiechowa.pl\/wp-content\/uploads\/wordpress\/Harmonogram-zajec-dodatkowych-w-Szkole-Podstawowej-im.-Szybownikow-Polskich.docx\">Harmonogram zaj\u0119\u0107 dodatkowych w Szkole Podstawowej im. Szybownik\u00f3w Polskich<\/a><\/p>\n<p><a href=\"https:\/\/www.spbezmiechowa.pl\/wp-content\/uploads\/wordpress\/Dyzury-specjalistow-2.docx\">Dy\u017cury specjalist\u00f3w<\/a><\/p>\n","protected":false},"excerpt":{"rendered":"<p>&nbsp; Harmonogram zaj\u0119\u0107 dodatkowych w Szkole Podstawowej im. Szybownik\u00f3w Polskich Dy\u017cury specjalist\u00f3w<\/p>\n","protected":false},"author":2,"featured_media":0,"parent":0,"menu_order":5,"comment_status":"closed","ping_status":"closed","template":"","meta":{"ngg_post_thumbnail":0,"footnotes":""},"class_list":["post-16755","page","type-page","status-publish","hentry"],"_links":{"self":[{"href":"https:\/\/www.spbezmiechowa.pl\/index.php?rest_route=\/wp\/v2\/pages\/16755","targetHints":{"allow":["GET"]}}],"collection":[{"href":"https:\/\/www.spbezmiechowa.pl\/index.php?rest_route=\/wp\/v2\/pages"}],"about":[{"href":"https:\/\/www.spbezmiechowa.pl\/index.php?rest_route=\/wp\/v2\/types\/page"}],"author":[{"embeddable":true,"href":"https:\/\/www.spbezmiechowa.pl\/index.php?rest_route=\/wp\/v2\/users\/2"}],"replies":[{"embeddable":true,"href":"https:\/\/www.spbezmiechowa.pl\/index.php?rest_route=%2Fwp%2Fv2%2Fcomments&post=16755"}],"version-history":[{"count":3,"href":"https:\/\/www.spbezmiechowa.pl\/index.php?rest_route=\/wp\/v2\/pages\/16755\/revisions"}],"predecessor-version":[{"id":18779,"href":"https:\/\/www.spbezmiechowa.pl\/index.php?rest_route=\/wp\/v2\/pages\/16755\/revisions\/18779"}],"wp:attachment":[{"href":"https:\/\/www.spbezmiechowa.pl\/index.php?rest_route=%2Fwp%2Fv2%2Fmedia&parent=16755"}],"curies":[{"name":"wp","href":"https:\/\/api.w.org\/{rel}","templated":true}]}}